g(-13)?
-6
Let s(w) = -w**3 - 24*w**2 - 26*w - 14. Give s(-23).
55
Let g(i) = -i. Give g(21).
-21
Let q(x) = 8*x**2 + 6*x - 1. Give q(-4).
103
Let x(m) = -m**3 - 30*m**2 - 58*m - 74. Give x(-28).
-18
Let m(p) = 7*p**2 + 5*p + 8. Calculate m(-4).
100
Let a(d) = d**2 + 12*d + 7. Determine a(-11).
-4
Let k(l) = -l**3 + 5*l**2 - 5*l - 2. Give k(4).
-6
Let o(l) = -23*l**2. Determine o(1).
-23
Let o(f) = f**2 - 40*f - 326. Give o(47).
3
Let t(k) = -k**3 + 8*k**2 + 10*k - 14. Determine t(9).
-5
Let x(v) = 4*v**2 - 3*v - 1. Calculate x(-2).
21
Let l(c) = -c**3 + 7*c**2 - 10*c - 13. What is l(4)?
-5
Let m(s) = s**3 - 2*s**2 + 3*s + 3. Determine m(-2).
-19
Let m(v) = v**3 + 7*v**2 - 9*v - 10. Determine m(-7).
53
Let s(q) = -7*q + 11. Calculate s(1).
4
Let b(c) = c**3 - c**2 - c - 5. Give b(0).
-5
Let i(u) = 3*u - 7. Determine i(-14).
-49
Let z(n) = n**3 + 11*n**2 + 14*n + 25. Determine z(-10).
-15
Let a(r) = -r**3 - 4*r**2 - 5*r + 3. What is a(-4)?
23
Let b(f) = f**2 + 36*f - 40. Give b(-37).
-3
Let n(q) = -5*q - 143. Calculate n(-18).
-53
Let l(g) = -g**2 - 6*g. Give l(-8).
-16
Let x(d) = d**3 - 6*d**2 - 5*d + 10. Determine x(7).
24
Let t(x) = x**3 + 7*x**2 + 3*x + 2. Give t(-3).
29
Let g(v) = -v**2 - 6*v - 3. What is g(-6)?
-3
Let u(x) = -13*x**2 + 29*x - 4. Give u(2).
2
Let i(j) = -j**3 - 16*j**2 - 42*j - 37. Give i(-13).
2
Let g(c) = 4*c**3 - 31*c**2 - 10*c + 13. Determine g(8).
-3
Let v(y) = -3*y + 36. Give v(7).
15
Let t(q) = q**2 - 30*q + 101. What is t(26)?
-3
Let p(o) = 2*o**3 - o**2 + 2*o + 2. Determine p(-1).
-3
Let f(w) = w**3 - 15*w**2 + 19*w - 6. Calculate f(13).
-97
Let u(b) = -b**3 + 26*b**2 + 29*b - 37. Give u(27).
17
Let m(q) = q - 3. Calculate m(3).
0
Let p(j) = 17*j - 39. What is p(10)?
131
Let h(t) = -t**3 - t**2 + t. Calculate h(3).
-33
Let h(a) = a - 1. Determine h(2).
1
Let h(o) = 2*o**3 + 5*o**2 - 4*o. What is h(-4)?
-32
Let a(j) = j**2 + 25*j + 60. Calculate a(-23).
14
Let n(c) = 9*c + 48. Determine n(-11).
-51
Let v(g) = -4*g + 8. What is v(3)?
-4
Let b(k) = -5*k + 104. Give b(19).
9
Let y(z) = z**2 + 32*z - 124. Determine y(-36).
20
Let k(p) = 9*p + 53. Give k(-4).
17
Let n(o) = o**3 + 20*o**2 - 2*o - 40. What is n(-20)?
0
Let l(w) = w**2 + w - 30. Give l(0).
-30
Let r(s) = 41*s + 240. Determine r(-6).
-6
Let m(n) = 4*n - 42. What is m(19)?
34
Let c(r) = -r**3 + 5*r**2 - 4*r + 12. Give c(5).
-8
Let o(l) = -4*l + 33. What is o(9)?
-3
Let k(y) = 2*y**2 - 20*y + 46. Calculate k(8).
14
Let a(y) = 25*y**3 + y**2 - y. Give a(1).
25
Let u(p) = 15*p + 131. Give u(-9).
-4
Let h(x) = x + 9. Determine h(-20).
-11
Let x(c) = -13*c**3 - 4*c - 3. Calculate x(-1).
14
Let d(z) = z**2 - 6*z + 9. Calculate d(4).
1
Let f(p) = -2*p - 1. What is f(3)?
-7
Let r(x) = 20*x**2 - x. What is r(1)?
19
Let z(n) = -n**3 + 6*n**2 + 7. Calculate z(5).
32
Let r(a) = -4*a - 55. What is r(-6)?
-31
Let g(n) = -n**3 + 16*n**2 - 15*n + 8. What is g(15)?
8
Let h(s) = s**3 + 12*s**2 + s + 9. Calculate h(-12).
-3
Let b(a) = -13*a - 57. Give b(-6).
21
Let c(f) = 2*f + 16. What is c(9)?
34
Let l(z) = -3*z + 35. Determine l(23).
-34
Let a(h) = 2*h**3 - 4*h**2 + 4*h - 2. What is a(3)?
28
Let o(r) = -4*r - 17. What is o(11)?
-61
Let t(k) = 2*k**3 + k**2 - 2*k - 3. Determine t(-2).
-11
Let n(u) = -u**3 - 7*u**2 - 3*u + 5. Give n(-5).
-30
Let d(v) = -v**2 - 3*v - 3. Determine d(4).
-31
Let s(z) = z**2 - 149*z + 298. Give s(2).
4
Let i(y) = 7*y**2 - 86*y - 3. What is i(12)?
-27
Let i(f) = -f**2 + 11*f - 15. Give i(3).
9
Let s(y) = 6*y - 26. Determine s(0).
-26
Let i(x) = -7*x + 8. What is i(-1)?
15
Let h(d) = -43*d + 230. What is h(5)?
15
Let a(p) = -38*p + 192. What is a(5)?
2
Let i(z) = -z**3 + 3*z**2 + 4*z + 6. Calculate i(4).
6
Let j(r) = -r - 49. What is j(0)?
-49
Let m(o) = -3*o + 19. Calculate m(6).
1
Let b(o) = 23*o**2 + 2*o. Determine b(1).
25
Let x(h) = h - 15. Calculate x(-11).
-26
Let k(b) = 10*b - 12. Give k(6).
48
Let q(u) = 7*u + 1. Determine q(8).
57
Let t(f) = f**3 + 10*f**2 - 3*f - 27. Give t(-10).
3
Let d(y) = -y**3 - y**2 + 2*y - 31. What is d(0)?
-31
Let v(u) = -45*u - 228. Determine v(-5).
-3
Let f(r) = 6*r + 35. Calculate f(-9).
-19
Let x(v) = v**3 - v**2 - 5*v + 2. Determine x(3).
5
Let u(p) = p**3 - 6*p**2 + 4*p - 3. Calculate u(5).
-8
Let l(v) = -5*v + 247. Determine l(39).
52
Let d(u) = u**2 - 3. Determine d(7).
46
Let j(p) = -p**3 + 14*p**2 - 12*p - 17. Give j(13).
-4
Let c(v) = -7*v - 6. Calculate c(-8).
50
Let h(i) = -i**2 + i - 4. Determine h(-6).
-46
Let b(z) = -z**3 + 7*z**2 - 7*z - 12. Determine b(6).
-18
Let b(f) = -f - 1. Determine b(7).
-8
Let h(v) = v + 38. What is h(-31)?
7
Let g(w) = 2*w - 8. Calculate g(-9).
-26
Let j(k) = k**3 - 13*k**2 - 9*k + 120. Calculate j(13).
3
Let y(w) = w**2 - 5*w - 9. Give y(5).
-9
Let a(u) = -7*u - 104. Determine a(-15).
1
Let o(u) = 18*u - 37. What is o(2)?
-1
Let r(y) = y**3 - 8*y**2 + 7*y + 23. Calculate r(6).
-7
Let w(m) = 121*m**3 + 2*m**2 - 2. Determine w(1).
121
Let o(y) = y**3 - 8*y**2 - 11*y - 8. Give o(10).
82
Let l(k) = k**3 - 16*k**2 - 19*k + 41. Determine l(17).
7
Let u(y) = y**3 - 5*y**2 + 2*y - 4. Give u(5).
6
Let w(j) = -j**2 + 26*j - 107. What is w(5)?
-2
Let d(a) = 2*a**2 - 18*a + 17. Give d(8).
1
Let b(j) = j**2 - 7*j - 6. Calculate b(6).
-12
Let p(x) = x**3 + 26*x**2 - 6*x - 88. What is p(-26)?
68
Let l(z) = -23*z + 9. Calculate l(4).
-83
Let g(s) = 7*s - 18. Calculate g(-3).
-39
Let r(p) = -3*p + 13. Give r(6).
-5
Let i(f) = 4*f**2 - 21*f + 11. Calculate i(5).
6
Let c(z) = 2*z**3 - 6*z + 3. Calculate c(3).
39
Let b(s) = -s**3 - 4*s**2 + 17*s - 8. Give b(-7).
20
Let d(f) = -19*f - 25. Calculate d(-1).
-6
Let l(d) = d + 10. Give l(-3).
7
Let w(p) = -p**2 - p - 8. Calculate w(-4).
-20
Let m(u) = 2*u**2 + 4*u - 14. Give m(4).
34
Let f(c) = 3*c**2 - 16*c + 7. Calculate f(2).
-13
Let h(f) = -f**3 + 9*f**2 - 12*f + 16. Calculate h(8).
-16
Let a(l) = l**2 + 17*l - 3. Calculate a(-17).
-3
Let a(q) = -2*q + 8. Determine a(5).
-2
Let f(u) = u**2 + 19*u - 115. Give f(5).
5
Let i(v) = -6*v - 6. What is i(7)?
-48
Let o(b) = 4*b + 49. Calculate o(-8).
17
Let g(p) = -2*p**2 + 45*p - 16. Calculate g(22).
6
Let o(r) = -r**2 - 4*r - 2. What is o(-5)?
-7
Let v(w) = -5*w + 145. Determine v(29).
0
Let t(z) = 2*z**2 - 25*z + 37. Determine t(10).
-13
Let a(i) = 8*i + 76. Determine a(-11).
-12
Let u(o) = o - 26. Give u(12).
-14
Let p(o) = o**2 - 13*o + 35. Determine p(7).
-7
Let o(y) = -19*y + 172. Calculate o(9).
1
Let x(c) = 20*c - 6. Give x(3).
54
Let a(l) = 49*l + 92. Calculate a(-2).
-6
Let b(a) = -a**3 - 7*a**2 + 8*a + 8. Give b(-8).
8
Let q(v) = -v + 3. Calculate q(-5).
8
Let w(a) = 8*a - 22. What is w(-7)?
-78
Let b(z) = 8*z + 49. Give b(-7).
-7
Let w(y) = y**3 + y**2 + 3*y - 5. What is w(2)?
13
Let c(b) = 9*b**3 - b**2 + 2*b + 2. Give c(-1).
-10
Let y(o) = -6*o + 53. Determine y(7).
11
Let s(q) = 104*q - 9. Determine s(1).
95
Let h(v) = v**3 + v**2 + 3*v - 15. Calculate h(-4).
-75
Let g(l) = -l**3 + 7*l**2 - 6*l - 6. Determine g(6).
-6
Let d(i) = -i**2 + 18*i - 22. Calculate d(12).
50
Let r(u) = u**2 + 18*u + 90. Give r(-10).
10
Let q(w) = w**3 - 10*w**2 + 16*w. Calculate q(8).
0
Let j(b) = -b - 19. Calculate j(-5).
-14
Let f(p) = -p**2 - 13*p - 30. Determine f(-10).
0
Let x(n) = -2*n + 13. What is x(15)?
-17
Let t(a) = a**2 + 13*a + 20. Give t(-12).
8
Let h(m) = 3*m**3 - 3*m**2 - 2*m. Determine h(-1).
-4
Let h(u) = 3*u**2 + 4*u - 14. What is h(3)?
25
Let y(s) = -15*s - 22. Calculate y(7).
-127
Let p(c) = -c**2 + 5*c + 20. Calculate p(7).
6
Let l(i) = 5*i**3 + i**2 + 2*i + 2. Give l(-1).
-4
Let r(k) = -k**2 - 3*k + 9. Give r(-8).
-31
Let s(c) = c**3 + 28*c**2 + 28*c + 33. Calculate s(-27).
6
Let a(l) = 11*l + 4. Determine a(-1).
-7
Let t(w) = 24*w - 8. Give t(-5).
-128
Let i(l) = -l**2 - 4*l + 12. What is i(-6)?
0
Let x(t) = -t**2 - 8*t + 13. Calculate x(-10).
-7
Let x(z) = -6*z + 7. What is x(-6)?
43
Let f(c) = -51*c + 3. Determine f(2).
-99
Let k(o) = -46*o - 11. What is k(-1)?
35
Let x(j) = -j**3 + 18*j**2 - 32*j - 8. Give x(16).
-8
Let x(l) = -l + 2. Give x(4).
-2
Let a(f) = 5*f**2 - f - 19. Determine a(3).
23
Let x(y) = y + 8. Determine x(-4).
4
Let b(z) = 5*z**3 - 2*z**2 - 2*z - 7. Calculate b(0).
-7
Let b(h) = 3*h + 20. Calculate b(-7).
-1
Let o(q) = -q**2 - 4*q - 11. Calculate o(-4).
-11